s 2 + -2 - (3 + 1 + 0)?
-4
Evaluate (91 - 92) + 0 + 7.
6
What is the value of -5 + 0 + 3 - (-6 + 5)?
-1
What is -3 + (7 - (-1 - (-2 - -2)))?
5
-6 + (5 + 8 - -1)
8
(2 - 7) + (-21 - -30)
4
Calculate 6 + (-4 - (3 - -1)).
-2
Calculate 9 + (-6 + -6 - -8).
5
What is the value of 2 + (-4 - 0) + 7 + -9?
-4
What is -11 - -13 - ((9 - 3) + 1)?
-5
Evaluate 6 - ((-1 - -13) + 42 + -38).
-10
Calculate -5 + -4 + 3 + 5 + -2.
-3
What is 7 + (10 - 28 - -8)?
-3
Calculate (5 - 6) + (3 + -1 - 1).
0
-10 + 8 - (0 + -2)
0
Evaluate 4 + -18 + -13 + 22.
-5
Calculate -5 + 2 + (2 - (2 - 5)).
2
What is the value of 1 + (3 - -4) + -4?
4
What is -8 + 12 + -5 + 1 + -3?
-3
Evaluate 0 + 0 - (-7 + 10).
-3
(15 - 18) + 4 + 0
1
Calculate (-1 - -1) + (16 - 17).
-1
Evaluate -11 - (11 + -28) - (1 - -10).
-5
Calculate (-43 - -50) + 0 + -10.
-3
Evaluate -5 - (-9 + 5 - 0).
-1
What is the value of 1 - -7 - (41 + -38)?
5
Evaluate -2 + 5 - (4 - -3).
-4
What is -3 + (4 - (-6 + 7))?
0
What is 3 - (-1 + -2 + -4 + 7)?
3
Evaluate 5 + -4 + -1 + -3.
-3
Evaluate 2 + (0 - ((-6 - -2) + 10)).
-4
(-14 + 3 - -7) + -2 + 2
-4
Calculate -4 - -3 - (-4 + -1).
4
Calculate 9 + -12 + -8 + 3.
-8
Evaluate -2 + -8 - -11 - -3.
4
(-4 - (-4 - -7)) + 3
-4
What is 6 - 1 - 5 - 0?
0
Calculate -1 + -3 + (4 - 2) + -2.
-4
Calculate -4 + (8 - 4) + (0 - -6).
6
-8 + (10 - 2 - 4)
-4
What is the value of 7 + -5 + (3 - 1)?
4
Calculate 0 - 14 - ((20 - 13) + -14).
-7
Calculate 2 + -7 + 5 + -8.
-8
Calculate -1 - ((-6 - (0 + -2)) + 1).
2
Calculate 1 + 1 - (6 + -1).
-3
Calculate (-2 + (9 - 9) - -2) + 6.
6
What is the value of 3 + (-1 - -5) - 3 - 8?
-4
Calculate 2 - (-6 + 3 + 1).
4
6 + 1 + (-3 - 4 - 3)
-3
What is (-4 - (0 + 0)) + 4?
0
What is the value of 0 + -3 + 8 - 3 - 3?
-1
What is 8 - 4 - (4 + -1 + 0)?
1
Evaluate (-5 - (0 - (2 - 0))) + -2.
-5
What is 0 + 4 + -17 + -2 + 4?
-11
What is the value of 6 - (2 + 4) - -7 - 2?
5
What is the value of 1 + (0 - (4 + (1 - 5)))?
1
Calculate 3 + (4 - 8 - -1).
0
Calculate 4 - (2 + 6 + 1) - -9.
4
Evaluate 7 - 9 - -8 - -2.
8
Calculate 6 - (27 - 7 - 8).
-6
Evaluate 1 + 2 - (1 - 0).
2
Calculate -2 + -2 + (-1 - 2) + 7.
0
What is 1 + 0 + -15 + (-619 - -626)?
-7
27 - 25 - (-1 + 1 + -3)
5
Calculate -4 - (-5 - (-3 - -1)).
-1
(-1 - 1) + 1 + (0 - -2)
1
What is the value of -8 - -8 - (4 + -1) - 0?
-3
-6 + (0 - 1) + 2 + 1
-4
Evaluate (0 + 7 - 8) + -5.
-6
What is 14 + -21 - (-1 - 3)?
-3
Calculate 1 - ((-5 - -3) + 0 + -1).
4
What is 1 + 4 + -7 - (-7 + 6)?
-1
Calculate 4 - (2 + (6 - 4)).
0
Calculate 2 + 1 - (-4 - -6 - 1).
2
3 - -1 - (-40 + 44)
0
Evaluate (2 - 0) + 3 + -9.
-4
What is 0 + 0 - (-67 - -66)?
1
1 + (0 - 1) - (-6 - -3)
3
What is the value of 0 + 0 + 20 + -1 + -18?
1
What is the value of 1 + -2 - (-28 - -26)?
1
Calculate -3 + 0 - (343 + -348).
2
Calculate (-5 - -3) + (5 - 1) - 3.
-1
-2 + 7 + -1 - 8
-4
-2 - (-1 - (5 + -1 + -1))
2
What is 0 + 0 - (17 - 16) - 7?
-8
What is -1 + (-1 - -2 - 4)?
-4
Evaluate 8 + -1 - (32 + -26).
1
What is the value of 1 - (2 + -5 + -1)?
5
0 - 2 - -6 - (2 - -5)
-3
What is the value of (12 - 14) + 0 - -9?
7
Evaluate -2 + 2 + -3 + 0.
-3
2 + -5 + (-5 + 16 - 3)
5
Evaluate (-4 - -15 - 7) + -8.
-4
What is the value of (2 - (2 - (0 - -5))) + -8?
-3
Evaluate (7 - (-1 + 7)) + -6 + 1.
-4
What is the value of 21 + -1 + -6 + -7?
7
Calculate (4 - 0) + -3 - 3.
-2
-2 + -6 + (4 - 1)
-5
Evaluate 0 - 1 - (0 - -3).
-4
What is (-4 - -1 - 2) + -5 + 7?
-3
What is the value of -3 - (-8 + 6) - (3 - 4)?
0
What is the value of 17 + -3 + -7 + -6?
1
What is the value of -2 + -1 - (-1 + 2 + -6)?
2
Calculate -6 + -1 + 1 + 77 + -72.
-1
What is -5 + -1 + -3 - -6?
-3
What is the value of -1 + -3 - (7 + 0 - 5)?
-6
What is -3 + 5 - (-1 - 2)?
5
Calculate -3 + (1 - (-1 + 0)) - 2.
-3
What is the value of -5 + 1 + 7 - 5 - -4?
2
What is the value of 5 + -1 + (-36 - -14) + 17?
-1
Calculate 2 - (8 - 7) - 5.
-4
Calculate -11 + (-1 - -6) + -3.
-9
What is -1 + (7 - (2 - -1)) - -2?
5
1 + -18 + 6 - -7
-4
Evaluate 1 + 0 - (4 - (3 - 5)).
-5
Evaluate -3 - (-3 + 0 - -3) - 2.
-5
Evaluate -6 + -4 + 10 - -7.
7
What is the value of (2 - 5) + 5 + -2 - -4?
4
What is 11 - 15 - (-10 + 1)?
5
(9 - -1) + (-1 + -6 - 0)
3
What is -199 - -197 - (-2 - (0 + 1))?
1
Evaluate (2 - 3) + -1 + 5.
3
Calculate 1 + 1 + -7 + 2.
-3
Calculate -4 - (4 + -1 + -3).
-4
What is (-6 - 1) + (0 - -12 - 6)?
-1
What is the value of -4 + -2 - (-1 - -5 - 6)?
-4
Evaluate 5 + -3 + 3 + -8 + 8.
5
What is 7 + -13 - (-1 + -3)?
-2
Calculate 5 - (-8 - (-18 + 9)).
4
0 + -1 + (0 - 2)
-3
Evaluate -3 - (0 - 5 - (6 + -8)).
0
What is the value of (1 - 2) + 6 + -8 + 4?
1
What is the value of 4 + 6 - (-1 + 4) - 3?
4
What is 7 - (14 - (3 - -3))?
-1
Evaluate 4 - (-9 - (-13 - -2)).
2
What is the value of 5 + -6 + -1 + (5 - 2)?
1
Calculate (2 - 2) + (2 - (0 + 0)).
2
What is the value of 6 + (-5 - (14 - 23))?
10
Evaluate -3 - ((-13 - -5) + 6).
-1
Evaluate -2 + (2 - (-7 - -6)).
1
(-64 - -69) + (-17 - (0 - 1))
-11
What is (5 - (0 + 3)) + -6?
-4
1 + -10 + -4 + 4 - -1
-8
Evaluate (-9 - -5) + 9 + -2.
3
What is 222 + -221 - ((-1 - -2) + -5)?
5
Evaluate (-11 - 0) + (8 - 2).
-5
-13 - (15 + -7 + -30)
9
-3 + 14 + -19 + 17
9
What is 5 + -1 + -11 + (2 - 1)?
-6
What is (-4 - -1) + -4 + 2?
-5
What is -5 - (5 - (2 + 15)) - 5?
2
Evaluate 0 + (2 - (8 + -6)).
0
Calculate -2 + 2 + 8 - (-55 - -56).
7
Calculate -4 + 0 + (9 - (5 + -3)).
3
(-2 - (-6 + -1)) + (-15 - -10)
0
Evaluate 0 + 26 - (-34 + 49).
11
What is -6 + -3 + -8 + 13?
-4
What is the value of (-20 - -11) + 9 - -9?
9
What is the value of 2 + (3 + -2 - (-4 - -3))?
4
Evaluate -4 - (4 - (0 - (-7 - -5))).
-6
What is -3 - -2 - (12 - 11) - -6?
4
What is 6 - -4 - 22 - -13?
1
0 - ((3 - 4 - 1) + 1)
1
Evaluate (-4 - -4) + 6 + 0 + -5.
1
Calculate 5 + -5 + 1 - -4.
5
What is the value of 3 + (-1 - 2 - (8 - 0))?
-8
Evaluate (-2 - -5) + (1 - (0 - -2)).
2
(1 - (7 + -14 + 11)) + 10
7
Evaluate 14 + (-17 - (10 - 19)).
6
75 + -62 + (-17 - 0)
-4
Calculate -2 + -3 + 2 - (31 - 40).
6
Evaluate 38 + -42 - (1 + -2 - 0).
-3
-5 + 12 + -9 + (-1 - 0)
-3
What is the value of -6 - -19 - 7 - 6?
0
What is (1 - -2) + -3 + -5 + 4?
-1
-1 + 4 + -5 + 3
1
Evaluate -2 - (-3 - (-3 - 1)).
-3
What is 6 + 1 - (-7 + 12)?
2
What is the value of 8 + 0 - (7 + -3)?
4
(3 - 1 - 5) + -64 + 59
-8
(43 - 33) + -14 + 1
-3
Evaluate -5 - ((-3 - (6 + -1)) + 2).
1
Evaluate 0 - -2 - (6 + -2) - -2.
0
Calculate 3 + 0 + -5 + 0 - 2.
-4
What is (-10 - -12) + -12 + 2?
-8
Calculate 5 - (7 + (4 - 6) - 2).
2
What is 6 + -11 - -1 - -8?
4
-4 + (2 - 5) + 5
-2
What is 16 + -14 - (-3 - -7)?
-2
-6 - -10 - (1 + -1) - 3
1
Evaluate (-7 - 8) + 8 + (2 - -2).
-3
Evaluate 8 - 9 - (4 - (4 - -1)).
0
(0 - (-1 + 9)) + 8
0
What is the value of 0 + -7 + 12 + -5?
0
Evaluate (26 - (3 - -11)) + -11.
1
Calculate (-27 - -25) + 6 + 1 - 0.
5
Evaluate (13 - 8) + (-6 - (-3 - -4)).
-2
Calculate (11 - 0) + -4 + -2 - 0.
5
Evaluate 12 + 0 - (25 - 16).
3
6 - ((-6 - 2) + 2 + 7)
5
Evaluate 1 + -4 - ((-2 - 1) + 0).
0
What is 5 + (-6 - -7) + (-5 - -1)?
2
What is the value of 1 - 3 - (2 - (2 + -1))?
-3
Calculate (2 - (-3 - -6)) + 0 + 0.
-1
Calculate 0 - 1 - (1 - (-1 + -2)).
-5
Calculate 6 - (-6 + 13 + -3 + 2).
0
Calculate 3 + -5 + -1 + 5.
2
-1 + 0 - (-11 + 8)
2
What is -1 - (5 - (-7 + 6)) - -9?
2
Evaluate -3 - (6 - (-2 + 10)).
-1
What is the value of (10 - (11 - -7)) + 14?
6
Evaluate (-8 - -7) + 5 + -1 + 0.
3
Evaluate (8 - 1) + (72 - 75).
4
What is the value of (-10 - (-7 + 3)) + 3?
-3
-8 - -9 - 8 - -14
7
What is the value of (0 - (-1 - 2)) + -3?
0
Calculate 0 + 3 - (-31 - -26) - 15.
-7
-4 + 4 + (2 - 3) - -4
3
Calculate 3 + -7 - -17 - 12.
1
Evaluate 4 + 4 + (19 - 23).
4
What is the value of 5 + 0 + -7 + 4?
2
What is 0 + -1 - (-9 - -7)?
1
What is the value of -5 + 1 + 1 + -1?
-4
0 + -1 + 77 + -76
0
What is the value of -11 + 3 - (18 + -19)?
-7
-2 + 4 + -2 + 1
1
Evaluate 1 + -9 + 3 + 0 + 0.
-5
Evaluate 4 + (-1 - 3) + -1 + -2.
-3
What is the value of (0 - 5) + 17 + -17?
-5
What is the value of 7 + ((-6 - 1) + 4 - 8)?
-4
Evaluate 4 + -7 + -1 + -2 + 9.
3
15 - (3 - (-2 - 1)) - 4
5
Evaluate -6 - (-45 + 46 + -9 + 1).
1
1 - 1 - (-5 - (-4 + 2))
3
Calculate 1 + (4 + 3 - 4).
4
What is -8 + (-9 + 12 - -6)?
1
What is the value of (-1 + -3 + 10 - 6) + -1?
-1
What is the value of 0 - 0 - 1 - -1?
0
10 - (8 - (-9 - -2))
-5
What is -1 + 3 + (-3 + 3 - 1)?
1
(-10 + 6 - -4)